s divided by t(4)?
9
Suppose 4*k - 2 = 10. Suppose 12 + 30 = k*t. Calculate the remainder when 27 is divided by t.
13
Let k be (-1*11)/(1*-1). Suppose 3*s + 7 = 5*c, 4*c = -2*s + 17 + 15. Let t = k - s. Calculate the remainder when t is divided by 2.
1
Suppose 3*p = -v + 4, -5*p = -2*v + 70 - 7. Calculate the remainder when 36 is divided by v.
17
Suppose -2*x + u = -4*u - 12, -3*u - 8 = -2*x. Suppose 5*l - 10 = 3*l. Suppose l*m = -4*g - 3, -m - 4*g = 2 + 5. Calculate the remainder when x is divided by m.
0
Let m = 111 + -48. What is the remainder when 186 is divided by m?
60
Let c = 46 - 25. Suppose 3*k = -2*k + 310. What is the remainder when k is divided by c?
20
Suppose -3*p = -0 - 63. Calculate the remainder when p is divided by 12.
9
Suppose 5*i - 126 = -5*x + 249, -3*x = 0. Calculate the remainder when i is divided by (-9)/(0 - -3) + 22.
18
Suppose 3*w - t = -w - 3, 3 = -w + t. Suppose 4*g - 8*g + 16 = w. Calculate the remainder when 10 is divided by g.
2
Let s be 0/2*3/(-6). Suppose -n - 24 = -l + 2*n, 3*l + 5*n - 86 = s. Let z = -18 + 32. What is the remainder when l is divided by z?
13
Let y(i) = -3*i**3 - 2*i**2 + 1. Let x = 0 + -1. Calculate the remainder when 5 is divided by y(x).
1
Calculate the remainder when (-1 - -2)*78/2 is divided by (-3)/(-12)*0 + 14.
11
Let v(s) = 4*s - 9. Suppose -p - 1 = 0, 0 = 21*g - 18*g + p - 26. Calculate the remainder when v(6) is divided by g.
6
Let v(q) = -4*q - 1. Let c be v(-2). Let n = -2 + 4. What is the remainder when 8/(-4) - -1*c is divided by n?
1
Let g = 41 + -24. Calculate the remainder when g is divided by 2.
1
Suppose 5*r - 3*z - 18 = 0, 5*r = -3*z + 28 + 14. Suppose -2*s + r*s - 328 = 0. Calculate the remainder when s is divided by 21.
19
What is the remainder when ((0 + -20)*2 - 3)*-3 is divided by 22?
19
Let d be 2/(-4)*(-40)/4. Suppose h - 10 = 5*l - 3*h, d*l + 5*h = -10. Let j(u) = -2*u**3 + u**2 - 1. Calculate the remainder when j(l) is divided by 7.
5
Let t = -37 + 159. What is the remainder when t is divided by 41?
40
Let p = -54 + 114. Let z = p + -42. Let w = 1 + z. Calculate the remainder when 55 is divided by w.
17
Suppose -q - 8*r = -4*r + 14, r = -2*q. Suppose 0 = -q*o - 76 + 276. Suppose v - 2*z - o = -v, 4*v - 2*z = 198. Calculate the remainder when v is divided by 17.
15
Let f(m) = 3*m**3 - m**2 + 2*m - 2. What is the remainder when 86 is divided by f(2)?
20
Suppose -2*f - 2*f + 20 = 0. Suppose -4*s + 2*p - 144 = s, 0 = 2*s - f*p + 66. Let h = s - -61. What is the remainder when h is divided by 12?
9
Suppose -5*j = -j - 8. Calculate the remainder when 3 is divided by j.
1
Suppose 5*w = -9 + 14. Calculate the remainder when -1 + w - (0 + -5) is divided by (-3 + 1)/((-2)/3).
2
Calculate the remainder when 22 is divided by ((-8)/(-2))/(4/12).
10
Let r(x) = -x**2 + 15*x - 26. Let j = -48 - -83. What is the remainder when j is divided by r(11)?
17
Let i(o) = 2*o - 4*o + 11 + o. What is the remainder when 11 is divided by i(7)?
3
Suppose -5 + 30 = 5*v. Suppose 17 - v = 2*d. Calculate the remainder when 23 is divided by d.
5
Suppose -4*y + 7*y = 57. Let n = -13 + y. Let c = 22 - n. Calculate the remainder when 30 is divided by c.
14
Suppose 13 + 7 = 2*m. Suppose 6*q - 196 = -22. What is the remainder when q is divided by m?
9
Suppose 2*w = c + 3*w - 84, w = -2*c + 165. Calculate the remainder when c is divided by 28.
25
Let k = -13 + 17. Suppose -7 = p - k, 0 = 4*c - 4*p - 40. What is the remainder when c is divided by 3?
1
Let u(a) = -8*a - 3. Let f(n) = n**2 - 3*n - 2. What is the remainder when f(-5) is divided by u(-2)?
12
Suppose 12 + 12 = f - 4*h, 64 = 3*f - 4*h. Calculate the remainder when f is divided by 6.
2
Let k(x) = -2*x + 49. What is the remainder when 82 is divided by k(14)?
19
Suppose -4*k + 864 = 348. Calculate the remainder when k is divided by 44.
41
Let y = -49 - -69. What is the remainder when y is divided by (-3)/(-2)*4 + 1?
6
Let u = 6 + -4. Suppose -u*o - 54 = -5*o. Suppose -n = n - o. What is the remainder when 25 is divided by n?
7
Suppose -3 = -2*y + 1. Suppose -5*o + y*v + 12 = -3*o, 0 = -3*o - v + 14. Let u(a) = -a**2 + 18*a - 9. What is the remainder when u(17) is divided by o?
3
Let n be 50/18 - (-10)/45. Suppose -n*y = -3*k - 21, -3*k + 0*k - 5 = 5*y. Suppose 2*r + y*r = 52. What is the remainder when 49 is divided by r?
10
Suppose 3*v + 2*v + 4*s = 151, 4*v = 2*s + 126. What is the remainder when 122 is divided by v?
29
Suppose w = -5*w + 30. Suppose 5*z + d = 216, 3*z - w*d = -d + 148. What is the remainder when z is divided by 15?
14
Suppose 48 = y + 17. Suppose 0 = -3*q - 3*q - 84. Let i = y + q. Calculate the remainder when i is divided by 9.
8
Suppose -84 = l - 5*l + 2*k, -2*l + 50 = k. Suppose -4*m = 3*v - 27, v - 1 + 3 = -5*m. Calculate the remainder when l is divided by v.
10
Let p be (-4)/(-2 - 2) + 40. Let c = -26 + p. Calculate the remainder when c is divided by 4.
3
Suppose -c + 0*f = -2*f - 9, 4*f = -4. Let n = 74 - 62. What is the remainder when n is divided by c?
5
Let u = -10 - -16. Let b = u - -18. Let j(k) = -k**3 + 4*k**2. What is the remainder when b is divided by j(3)?
6
Suppose -3*d - 3 = 5*c, 0 = -5*d - 3*c + 2 + 9. Suppose -3*k + d*f + 14 = 3*f, k - 1 = 4*f. Calculate the remainder when k is divided by 3.
2
Let o = -87 + 97. What is the remainder when 38 is divided by o?
8
Let z = -7 - 3. What is the remainder when z/(-1 + 1/2) is divided by (4/(-6))/(2/(-33))?
9
Suppose -25 = -g + 3*l, -5*l + 38 = 3*g + 5. What is the remainder when g is divided by 10?
6
Let h = -88 + 81. Let l(o) be the first derivative of o**3/3 + 3*o**2 + 7*o + 1. What is the remainder when l(h) is divided by 8?
6
Suppose 3*c - 2*w - 878 = 0, -w - 234 = -c + 57. Calculate the remainder when c is divided by 33.
32
Let k = -12 - -18. Let a(q) be the second derivative of q**4/12 + 2*q**3/3 - 2*q**2 - 2*q. What is the remainder when a(-7) is divided by k?
5
Suppose -9 = -3*v + 24. Suppose 21 = g + q, 2*g + 4*q = 3*g - 16. Calculate the remainder when g is divided by v.
9
Let s(n) = -17*n - 1. Let b be s(-1). Suppose 4*l + 4*z + 5 - 29 = 0, z = -2*l + b. Let f = l + 26. Calculate the remainder when f is divided by 13.
10
Let z be 12/(-8)*8/(-3). Let i be 2/z*(1 + 1). Suppose x - 38 = -3*q, 2*q - 4*x + i = 3. Calculate the remainder when q is divided by 4.
3
Let s(q) = 3*q - 14. Let u(o) = 2*o**2 + 10*o - 6. Let k be u(-6). What is the remainder when 17 is divided by s(k)?
1
Let h = 4 + 0. Suppose 0 = 3*v - 0*q - q - 157, 2*v + 3*q = 123. Suppose -4*b + v = 14. Calculate the remainder when b is divided by h.
2
Let o(r) = -r**2 - r + 1. Let c be o(1). Calculate the remainder when -4 + 5 + -3 + 4 is divided by 4/6 - c/3.
0
Let h(j) = -7*j**3 + j**2 + 2*j + 1. Calculate the remainder when 48 is divided by h(-1).
6
Let y = 2 + 4. Let d = 10 - y. What is the remainder when 5 is divided by 0/(-1) + 8/d?
1
Let f(y) = -y**3 - 2*y**2 + 4*y - 1. Calculate the remainder when f(-4) is divided by 1/((-2)/(-5) - (-169)/(-585)).
6
Let g(k) = -k**3 + 7*k**2 - 6*k + 6. Let r = -3 + 24. What is the remainder when r is divided by g(6)?
3
Let j = 14 + -10. Suppose 0 = 4*f + 8, -j*b + 5*b - 1 = 3*f. Let w = 11 + b. Calculate the remainder when 17 is divided by w.
5
Let l(s) = -2*s + 5. Let q be l(-7). Suppose -m + 25 = q. What is the remainder when 27 is divided by m?
3
Let w = 11 - 2. Calculate the remainder when 35 is divided by w.
8
Let h be (-6)/4*(-2)/(-3). Let z = 0 - h. Let a = z - -1. What is the remainder when 7 is divided by a?
1
Let p = -3 - -5. Let u(r) = -r**2 + 2*r + 10. What is the remainder when u(0) is divided by (1 - p - -1) + 6?
4
Suppose 5*w + 9 - 59 = 0. What is the remainder when w is divided by 7?
3
Let f = 14 + -15. What is the remainder when (2 + 90)/(1 - f) is divided by 16?
14
Suppose -2*l = -3*f - 1460, 3*l - 567 - 1622 = 4*f. Let d be (-6)/15 - l/(-5). Suppose 2*w - d = -3*w. Calculate the remainder when w is divided by 10.
9
Let w(u) = 2*u - 8. Let v be 2/(-9) + 65/9. Let k(f) = -f**2 - 8*f - 5. What is the remainder when k(-4) is divided by w(v)?
5
Suppose 0 = -0*m - m + 5. Suppose m*h - 76 = h. Calculate the remainder when h is divided by 5.
4
Suppose -3*n - 53 = 5*k, -33 = 4*n - 3*k - 1. Let q = n + 20. What is the remainder when q is divi